of g(3)?
3, 5, 13
Let n = -30 - -35. Suppose -n*x + 21 + 39 = 0. What are the prime factors of 9/x - (105/(-4) + -1)?
2, 7
Let m(q) = 309*q**3 + 31*q**2 - 22*q + 11. List the prime factors of m(5).
39301
Suppose -53 + 29 = -8*h. List the prime factors of ((-4600)/8 - 4)/(h/(-4)).
2, 193
Suppose 2*s - 46843 = -10*s + 215573. List the prime factors of s.
2, 7, 11, 71
Let q = 21700 + -5601. What are the prime factors of q?
17, 947
Let b(p) = -30*p + 148. Let h(g) = 64*g - 297. Let r(j) = 7*b(j) + 3*h(j). What are the prime factors of r(-18)?
7, 67
Let s(u) = 34 + 757*u - 1494*u + 750*u. Suppose 4*f - 47 - 9 = 0. What are the prime factors of s(f)?
2, 3
Let m = -215 + -977. Let u = -721 - m. List the prime factors of u.
3, 157
Suppose 0*f - 3*f - 5*j = 325, -f - 3*j - 107 = 0. Suppose 21*a - 2058 = 1260. Let l = f + a. What are the prime factors of l?
2, 3
Let p(a) = 10*a + 6*a + 113 + 58 - 14*a. What are the prime factors of p(-38)?
5, 19
Suppose -4*y = -2*t + 70, 4*t - y - 143 + 31 = 0. List the prime factors of (-566)/(-3) - (-9)/t.
3, 7
Let y = 2159 + -896. Suppose -936 = 2*u - 5*u - 3*f, -f + y = 4*u. List the prime factors of u.
317
Suppose 2*h - 558 = 212. Let x = h + -186. What are the prime factors of x?
199
Suppose -3*s - 3*g + 359 = 20, -2*s - 4*g + 230 = 0. Suppose 4*q - 5*o = 1996 - s, 0 = q + 5*o - 465. What are the prime factors of q?
2, 5, 47
Let g be (128/(-96))/((16/(-18))/2). Suppose -3*n + 215 = -5*l + 31, 3*n + g*l = 168. List the prime factors of n.
2, 29
Let d be 266/(-56) + -1 + 6/8. What are the prime factors of d + 226 + 0 - 5?
2, 3
List the prime factors of ((-1900)/15)/((-4)/102) + (-14)/7.
2, 3, 269
Let p(o) = 689*o - 946. What are the prime factors of p(31)?
137, 149
Let g = 164 - 420. Let j = g - -531. List the prime factors of j.
5, 11
Suppose 0 = 6*t + 87 + 111. Let l = t - -112. Let i = l + -44. List the prime factors of i.
5, 7
Suppose -182 = -7*y - 182. Suppose y = -5*w - 0*w + 1325. What are the prime factors of w?
5, 53
What are the prime factors of 738/4*(-218680)/(-924)?
3, 5, 41, 71
Let g = 19632 + -13193. List the prime factors of g.
47, 137
Suppose 397810 = 64*i - 13*i - 150695. What are the prime factors of i?
3, 5, 239
Let k(r) = -6*r**2 - 14*r - 8. Let y(p) = p**2 + p + 1. Let f(m) = -k(m) - 4*y(m). Let x be f(-5). Suppose -x*o + o = -153. What are the prime factors of o?
3, 17
Suppose 5*g + 5*u - 240 = 0, 4*u = 5*g - 134 - 151. Let d = g + -3. List the prime factors of d.
2, 5
Suppose -4629 = -3*f + 2*r + 2598, -2*f - r = -4804. List the prime factors of f.
5, 13, 37
Let h = 92 - 90. Suppose 0 = -2*m + 2*i + 256, h*m - 2*i - 643 = -3*m. List the prime factors of m.
3, 43
List the prime factors of 6/(-1) - ((-28986177)/528 - 4/(-64)).
2, 13723
Suppose -147647 = -10*h + 83373. List the prime factors of h.
2, 11551
Suppose -8*q = -39*q - 465. List the prime factors of 3/q*0 + 895.
5, 179
Let c be (27/2)/((-6)/(-12)). Let z(h) = h**3 - 26*h**2 - 13*h + 41. What are the prime factors of z(c)?
419
Let q be 25/(-5)*(104/2)/(-1). Suppose 2*c - q = -5*r, 2*c + 13 + 77 = 2*r. What are the prime factors of r?
2, 5
Suppose 441*h + 7149 = 442*h. What are the prime factors of h?
3, 2383
What are the prime factors of ((-12)/8)/1*(4 - 579328/24)?
2, 23, 787
Let u(y) = y + 3. Let w = 1 + 5. Let j be u(w). Suppose -4*v + j = -135. What are the prime factors of v?
2, 3
Suppose -33*t = -13669 - 16856. What are the prime factors of t?
5, 37
Let x(g) = g**3 - 12*g**2 - 136*g + 8432. What are the prime factors of x(40)?
2, 29, 103
Let z = 2227 + 2102. What are the prime factors of z?
3, 13, 37
Let d(r) = 629*r**3 - 630*r**3 - 15*r**2 + 6*r**2 - 15*r + 5. Let n be d(-8). Let s = 85 - n. List the prime factors of s.
2, 3
Let m = -11670 - -16973. List the prime factors of m.
5303
Suppose 4*x - 3*s - 52 = 0, -2*x + 11 = 5*s - 15. Suppose v - 6050 = 9*m - x*m, -3034 = -2*m + 4*v. List the prime factors of m.
17, 89
What are the prime factors of (-2)/(-11) + 912051/77 + -1?
2, 3, 7, 47
Let f(q) = -3*q**2 + 10*q + 25. Let z be f(5). Let w be (-52)/(-6) + (-1)/(-3). Suppose -w*v + 999 = -z*v. List the prime factors of v.
3, 37
Let h(b) be the third derivative of 7*b**5/60 + 5*b**3/6 + 18*b**2. Let o = -11 + 6. List the prime factors of h(o).
2, 3, 5
Let p = 1401 + -2577. Let r = 1655 + p. List the prime factors of r.
479
Let r be 44/36*-3*-3. Suppose -3*k + 0*u - 3*u = -15, k - 2*u = r. Suppose 0 = -k*f - 0*f + 623. List the prime factors of f.
89
Suppose -5*q - 20 = -5*z, 0 = -4*z + 3*q + 3 + 10. Let a = 38 - 14. List the prime factors of z*-3 - (-308)/(a/6).
2, 37
Let p(r) = -431*r**3 + 6*r**2 - 8*r - 23. List the prime factors of p(-2).
3, 5, 7, 11
Let i be (-6)/8 - 9/(-12). Suppose 15*o - 7421 + 1556 = i. List the prime factors of o.
17, 23
Let k be (1 + 46)*15/15. Let p be k*(-72)/(-40) - 6/10. Suppose 4*o - p = 12. What are the prime factors of o?
2, 3
Let n(i) = 39*i + 23. Let z be n(-15). Let w = 951 + z. List the prime factors of w.
389
Let b(y) = -4*y**3 - 5*y**2 + y + 6. Suppose 3*c + 5 = -10. List the prime factors of b(c).
2, 47
Let f = -1168 + 2062. Let c = -408 + f. What are the prime factors of c?
2, 3
Let y(t) = 218*t + 962. List the prime factors of y(29).
2, 3, 607
Let v(r) = -1470*r**3 - 3*r**2 + 152*r + 472. What are the prime factors of v(-3)?
39679
Let v(f) = -f**3 - 20*f**2 - 18*f + 24. Let d be v(-19). Suppose 3*n - 56 = -d*k, -k - n + 1 = 3*n. Suppose -2*o + 47 = -k. What are the prime factors of o?
2, 3, 5
Let w(f) = 31*f - 31. Let c be w(10). Suppose 0*i + c = 3*i. What are the prime factors of i?
3, 31
List the prime factors of (-21114)/552*3808/(-3).
2, 3, 7, 17
Let g(y) = 119*y**3 - y**2 + 11*y - 10. What are the prime factors of g(4)?
2, 11, 347
Suppose -91504 + 123290 = 5*l - 179669. List the prime factors of l.
3, 37, 127
Suppose -223646 = -64*a + 444066. List the prime factors of a.
10433
Let r be (-9)/(-3) + (-9 - -9). Suppose r*j - 2506 = -2*j + 2*v, 0 = 4*j + 4*v - 2016. List the prime factors of j.
2, 251
Let m(u) = 6*u**2 - 173*u + 90. List the prime factors of m(-30).
2, 3, 5, 89
Suppose d - 3*z - 832 = 0, 0 = -3*z + 2*z - 3. Suppose 269 + d = 3*j. List the prime factors of j.
2, 7, 13
Let n(c) = c**3 + 2*c - 1. Let z be n(2). Let s = 11 - z. Suppose s = -3*a - j - 22 + 404, 2*a - j = 253. List the prime factors of a.
127
List the prime factors of (5 - (-16)/(-4))/((-45)/(-1812465)).
40277
Let o(b) = 12*b**2 - 134*b - 1400. What are the prime factors of o(-43)?
2, 3, 5, 59
Let i(t) = t**2 - 3*t - 22. Let k be i(8). Let z = k + -15. List the prime factors of (-4 - (-41)/z) + (-4)/6.
3
Let o(a) be the second derivative of -99*a**3/2 + 41*a**2 - 193*a. What are the prime factors of o(-2)?
2, 13
List the prime factors of (-312 - -1)*(-16 + 7 + -18).
3, 311
Let j = -73 - -77. Suppose j*l - 2*a + 690 = 0, l - 3*a = -3*l - 687. Let w = l - -287. What are the prime factors of w?
113
Suppose -17*q + 6*q - 110 = 0. List the prime factors of ((-6)/q)/((-5)/(-975)).
3, 13
Suppose 182*h - 185*h = 9, 56574 = 3*b + 4*h. List the prime factors of b.
2, 9431
Suppose -3*q = 2*d - 25, -d + 5 = -3*q + 2*q. Let i(w) = 39*w - 104. List the prime factors of i(d).
2, 13
Let r(b) = 2085*b**2 - 9*b - 9. Let q be r(-1). What are the prime factors of q/40 - (-3)/(-24)?
2, 13
Let s be ((-4)/(-3) + -2)/(4/(-18)). Suppose -5*q - s*u = 331, -64 - 125 = 3*q - 3*u. Let w = q + 94. List the prime factors of w.
29
Suppose -m + 3*d = -36324, -184442 + 39210 = -4*m - 4*d. List the prime factors of m.
2, 3, 17, 89
Let c(w) = w + 1. Let t(v) = -v**2 + 17*v + 16. Let p(a) = 5*c(a) - t(a). Let j(x) = x**2 - 13*x + 18. Let f be j(13). List the prime factors of p(f).
97
Suppose -3*u - 4*m - 23 = 0, -u - 3 = -2*m - 2. Let k be (0/(-8 - u))/(-2). Suppose -a + 278 = 4*x, k = -a + 5*x - 78 + 383. List the prime factors of a.
2, 5, 29
Suppose t - 3*t = -y + 12, y + 8 = -2*t. Let a be -1*(t - -2) + (-2)/2. Suppose 3*s + 346 = a*w, 3*w - 5*s = -0*s + 520. What are the prime factors of w?
2, 5, 17
Suppose -2*i - 8513 = -13*m + 10*m, -2*i + 8521 = 3*m. What are the prime factors of m?
17, 167
Suppose -325*a = -327*a + 22. Let q(c) = c**3 - 12*c**2 + 17*c + 33. What are the prime factors of q(a)?
3, 11
Suppose 246 = o + 33. Suppose -5*k = 